 List the prime factors of p.
3, 7
Let b be (2/2)/(6/30). Let v(z) = -b*z + 0*z**2 + z**2 + 2 - 11. List the prime factors of v(7).
5
Suppose -15 = 8*f - 3*f, 2*f = -5*i + 9. Let x(g) = -4 - 2*g + 0*g - g**i - 2*g**2 - 2*g. List the prime factors of x(-3).
17
Let g(t) = t**2 + 9*t - 28. List the prime factors of g(-13).
2, 3
Let c = 343 - 200. What are the prime factors of c?
11, 13
Let n(a) = -4*a - 2. Let r = 0 - -3. Suppose 0 = 5*p - 20, h - r = 2*p - 14. List the prime factors of n(h).
2, 5
Suppose 2*s - 5*y - 387 = -s, -2*y = -4*s + 502. What are the prime factors of s?
2, 31
Let m(c) = c - 5. Let p be m(7). Suppose -3*b - 44 = -4*f, p*f + 6*b - 22 = b. Let a = f + 3. What are the prime factors of a?
2, 7
Suppose -2*j + 0*j + 408 = 0. List the prime factors of j.
2, 3, 17
Let o be 76/18 - (-4)/(-18). Suppose -d + 14 = -l, 2*d + o*l = -0*d + 16. List the prime factors of d.
2, 3
Suppose 0 = 27*x - 24*x - 633. List the prime factors of x.
211
Let w = 0 - -2. Let g(z) = 5 + 0*z - 5*z - z**3 + 6*z**w + 0*z. List the prime factors of g(5).
5
Let k(l) = -17*l - 1. Let n be (-2)/3 + 3/(-9). Let d be k(n). Suppose -3*q + 5*q - 3*m = 30, d = -4*m. List the prime factors of q.
3
Let j = 13 - 3. Let p be (2 + 1 - 2)/(-1). What are the prime factors of ((-16)/j)/(p/5)?
2
Let l = 15 + -12. Suppose i = l*i - 14. List the prime factors of i.
7
List the prime factors of 1/(-2)*606/(3/(-1)).
101
Let o(h) = h**3 + 8*h**2 + 5*h - 9. Let k be o(-7). Suppose 2*d + 0 - 4 = 0, 3*z = -k*d + 7. Let v(x) = -10*x - 1. What are the prime factors of v(z)?
3
Let h = 98 - -80. List the prime factors of h.
2, 89
Let f be (0 + 1)/(3/60). Let w = f + 13. What are the prime factors of w?
3, 11
Let r(x) = -x**3 - x**2 + x + 1. Let n(l) = -6*l**3 - 4*l**2 + 5*l + 18. Let z(i) = -n(i) + 5*r(i). Let s be z(0). Let o = 23 + s. List the prime factors of o.
2, 5
Suppose 0 = 2*o + o + 168. Let w = 84 + o. Suppose -5*a + a + w = 0. What are the prime factors of a?
7
Suppose 2*h = 7*h. Suppose a - 7 = -h*a. What are the prime factors of a?
7
Let g(x) = 7*x**2 - 6. What are the prime factors of g(4)?
2, 53
Suppose 9 - 3 = -3*p, -d + 47 = 2*p. Let y = d - 7. Suppose -4*i + 24 = -i - 3*q, 0 = -5*i + 4*q + y. What are the prime factors of i?
2, 3
Let n be (6 - 0)/(-2) + 6. Suppose -2*m = n*m - 135. List the prime factors of m.
3
Let u(p) = -p**2 + 6*p + 1. Let w be u(5). Suppose -a = f - 26, 0 = -2*f - w*a + a + 58. What are the prime factors of f?
2, 3
Suppose -4*r = 2*d - 0*d - 156, 5*r - 209 = d. List the prime factors of r.
41
List the prime factors of -6*(-4)/48*62.
31
Suppose 79 = 4*v - 429. List the prime factors of v.
127
Suppose d - 16 - 34 = 0. Suppose 3*q - 2*q + h - d = 0, h = 1. What are the prime factors of q?
7
Let g be (-1 + -26)*(-6)/9. Let v(y) = y**3 - 17*y**2 - 16*y - 2. List the prime factors of v(g).
2, 17
Let o(s) = -s + 1. Let y be o(6). Let a = y - -2. What are the prime factors of 1/(a/(-37 + 1))?
2, 3
Suppose -q - d + 80 = -8, -176 = -2*q - 5*d. List the prime factors of q.
2, 11
Let g(i) = -6*i. List the prime factors of g(-13).
2, 3, 13
List the prime factors of ((-3)/18*-76)/((-2)/(-30)).
2, 5, 19
Let d = 310 + -180. List the prime factors of d.
2, 5, 13
Suppose 0 = 4*q - 5*t - 127, 5*q + 3*t - 116 = 52. What are the prime factors of q?
3, 11
Let m(c) = 2*c - 9. List the prime factors of m(13).
17
Let q(n) = 9*n**2 - 17*n. Let k(c) = -4*c**2 + 8*c. Let u(j) = 7*k(j) + 3*q(j). Let f be u(5). Let o = 10 + f. What are the prime factors of o?
2, 5
Suppose -3*p = -0*p + 6, 0 = 3*o - 2*p - 46. Suppose -4*g + o = -10. Suppose 3*h - c = 7, 2*h - c = g - 3. What are the prime factors of h?
2
Let r = -4 - -4. Let v(n) = 0*n + n**2 + 6 + n + r*n. List the prime factors of v(0).
2, 3
Suppose -8 - 8 = -2*a. Suppose 76 = a*i - 4*i. What are the prime factors of i?
19
Suppose 3*d - 180 - 180 = 0. List the prime factors of d.
2, 3, 5
Let u(y) = y**3 - 12*y**2 + 2*y - 7. List the prime factors of u(12).
17
Let w = -21 - -13. Let q = w + 19. What are the prime factors of (2/(-2))/((-1)/q)?
11
Let v(z) be the second derivative of -z**4/12 + z**3 + 7*z**2/2 + z. List the prime factors of v(6).
7
Let l(x) = 8*x**3 + 2*x**2 - 1. List the prime factors of l(1).
3
Let v = -4 - 1. Let o be 2/v*(-10)/2. List the prime factors of 80/44 - o/(-11).
2
Suppose 4*i - 12 = -2*k, 5*i - k = 1 + 21. Suppose -i*p + 0*p = -8. Let q = 2 + p. List the prime factors of q.
2
Let q(b) = b**2 - b. Let i(s) = -22*s**2 + s - 2. Let t(n) = -i(n) - 4*q(n). What are the prime factors of t(-1)?
17
Let w be -1 - -9 - (3 - 2). Suppose 5*c = -x - 2*x + w, 3*c - 3*x = 9. Suppose -c*l = 2*f - 10, 0 = 5*l + 3*f - 38 + 5. What are the prime factors of l?
3
Let v(c) be the first derivative of c**4/4 + 4*c**3 + 9*c**2/2 + 7*c + 5. List the prime factors of v(-11).
29
Let h = 7 - 7. Suppose -a - 2 = -h*a. Let u = 13 - a. What are the prime factors of u?
3, 5
Let i(s) = 3*s**2 + s - 1. Suppose 0 = -3*v - v + 4. Suppose v - 3 = -z. What are the prime factors of i(z)?
13
Suppose 8*r - 15 = 3*r. Suppose r*m + 14 + 7 = 2*u, 21 = 4*u + m. List the prime factors of u.
2, 3
Suppose f + 15 = 5. Let z(d) = -3*d - 7. What are the prime factors of z(f)?
23
Let z = -50 + 88. List the prime factors of z.
2, 19
Let c(u) = 2*u**2 - 47*u - 13. What are the prime factors of c(25)?
2, 31
Let i(n) = 4 - 4*n**2 - n**3 - 2 + 0*n**3. What are the prime factors of i(-4)?
2
Let l(c) = -3*c**2 + 6*c - 3. Let v(d) = -5 + 7*d + 4*d - 5*d**2 + 0. Let j(m) = -7*l(m) + 4*v(m). What are the prime factors of j(-3)?
2
Suppose -176 = -3*w - w. List the prime factors of w.
2, 11
Let t(w) be the second derivative of 2*w**5/15 - w**4/24 + w**3/6 - w**2/2 - w. Let x(n) be the first derivative of t(n). What are the prime factors of x(1)?
2
Suppose -y + 5*u = -28, 3*u = 2*y + u - 16. Suppose 2*g - 63 = 9. Suppose y*a - g = -a. What are the prime factors of a?
3
Suppose -3*g + w = -2*g - 64, 2*g + 3*w = 128. List the prime factors of g.
2
Suppose 7*f + 18 = -486. Let p = -27 - f. List the prime factors of p.
3, 5
Let v(f) = -f + 16. What are the prime factors of v(6)?
2, 5
Suppose 5*s + 2*p = 102, -2*s = 2*s - 4*p - 104. Suppose 3*y - 3*q - s - 5 = 0, -2*q = -8. List the prime factors of y.
13
Suppose -5*b + 15 = -4*h - 0, 0 = 4*h. Suppose b*w - 2*w - 11 = 0. What are the prime factors of w?
11
Let k(q) = q**3 - q + 7. Let w = -1 - -1. List the prime factors of k(w).
7
Let f be 25/(-10)*8/10. Let n = 4 + f. List the prime factors of n.
2
List the prime factors of (2 + -7)/(2/(-10)).
5
Let i(c) = -c**3 - 8*c**2 - 7*c + 8. Let a be (-14)/(-5) - (-1)/5. Let n be ((-26)/6 - -2)*a. List the prime factors of i(n).
2
Let o(r) = r**2 - r + 42. Let s be o(0). Suppose 5*y - 135 = -5*u, -5*u = -y - u + s. Suppose 5*c = 3*x - 10, 3*x - y + 8 = 2*c. List the prime factors of x.
2, 5
Suppose 0 = -4*m - 25 + 9. Let q = -1 - m. Suppose -3 - 6 = -q*z. What are the prime factors of z?
3
Let u = 10 - 7. Suppose -2*q = u*q - 50. What are the prime factors of q?
2, 5
Suppose 3*k + 2*w - 6*w - 4 = 0, 0 = 5*k + 3*w + 3. Suppose k = 4*d - 53 - 47. List the prime factors of d.
5
Let h = -6 - 3. What are the prime factors of (-3 + 2)*h + 0?
3
Let q(j) = -3*j + 12. Let h be q(-7). Let p = -14 + h. List the prime factors of p.
19
Let r(c) = 6*c**2 - 2*c + 2. What are the prime factors of r(2)?
2, 11
Suppose 3*c - 14 = 4*l, 3*l - 5*c + 6 + 10 = 0. List the prime factors of 16*(-1)/2*l.
2
Suppose 0 = 5*d + 2*f - 270, -158 = -2*d - d - 2*f. What are the prime factors of d?
2, 7
Let p(g) = -3*g + 7. What are the prime factors of p(-6)?
5
Suppose 4*w - 13*w + 639 = 0. List the prime factors of w.
71
Let h(p) = -p**2 + 7*p + 3. Let a = 8 - 6. Suppose -3 = a*c - 5*g, 4*c - 2*g = g + 15. What are the prime factors of h(c)?
3
Let h = -53 - -25. Let v = 69 + h. List the prime factors of v.
41
Suppose -5*r + 5*d + 4 = 19, -4*r + 8 = d. Let q(j) = 2*j. List the prime factors of q(r).
2
Suppose -u + 33 = 7. List the prime factors of u.
2, 13
Let y(u) = 6*u - 3. Let t be y(2). Suppose -5*a = -t - 6. Suppose -o = 4*n - 35, 4*o = 2*n - a*n - 10. List the prime factors of n.
2, 5
Let s = -15 - -18. Suppose -4*h = -s*h - 25. What are the prime factors of h?
5
Suppose 3*j = -6*j + 567. What are the